s + 1. Let r(p) = 2*p**3 - p. Let u be r(1). Let k be c(u). Suppose -10 - k = -q. What is the remainder when q is divided by 12?
11
Suppose -4*o + 32 = -0. What is the remainder when 486/o + 3/12 is divided by 21?
19
Let t = -12 - -27. Suppose -w + 4 + t = 0. What is the remainder when 55 is divided by w?
17
Suppose 64 = 3*z + f - 6*f, -3*f + 72 = 3*z. What is the remainder when z is divided by 9?
5
Let r(x) = 0*x**3 - 9 + 9*x**2 + 0*x + 3*x - x**3. What is the remainder when r(8) is divided by 20?
19
Let n = -102 - -147. Let s = n + 6. What is the remainder when s is divided by 18?
15
Let a be (5/(-2) - -2)*0. Suppose -3*g + 10 + 35 = a. Suppose -d + 0*d + g = 0. Calculate the remainder when 43 is divided by d.
13
Suppose 0 = 4*d - 14 - 6. Calculate the remainder when 77/d + (-2)/5 is divided by 9.
6
Suppose 0 = -5*y - 2*d - 8, -y + d + 2*d = 5. What is the remainder when 22 is divided by y/(-3) - (-16)/3?
4
Let q(c) = -c**3 + 17*c**2 + 18*c + 21. Let h(x) = x**2 - 5*x + 6. Let y = -7 - -12. Calculate the remainder when q(18) is divided by h(y).
3
Let w(s) = -2*s**3 - 2*s**2 - 2*s. What is the remainder when 71 is divided by w(-2)?
11
Suppose 4*j + j + 45 = 2*t, 0 = 2*t + 4*j. Calculate the remainder when (38/6)/((-2)/(-6)) is divided by t.
9
Suppose 120 = 2*z - 82. Calculate the remainder when z is divided by 35.
31
Let i = 29 - 0. Calculate the remainder when i is divided by 10.
9
Suppose -3*l = -6 - 9. Let k = 9 - -2. Calculate the remainder when k is divided by l/15 + (-11)/(-3).
3
Let s be (3 + -1)*(3 - 1). Let k = -14 - -58. Suppose -4*c + 0*c + k = 2*r, s*c = 4*r + 68. What is the remainder when c is divided by 5?
3
Suppose 5*c + 0*u - 36 = 4*u, 2*c = -3*u + 19. Let m(b) = -4*b - 5. What is the remainder when m(-6) is divided by (2/c)/((-2)/(-56))?
5
Let w(j) = -j**3 - j**2 + 3*j - 10. Let r = 32 - 13. Calculate the remainder when w(-5) is divided by r.
18
Suppose -4*x + 0*x + 124 = 0. What is the remainder when x is divided by 17?
14
Suppose w = 0, -3*w + 9 + 35 = 4*q. Calculate the remainder when 29 is divided by q.
7
Let x(f) = -2*f**2 + 6*f + 9. Let o be x(7). Suppose 3*k - 2 = k, 0 = -2*l + 3*k + 173. Let p = o + l. Calculate the remainder when p is divided by 14.
13
Let h = 26 - -9. What is the remainder when 138 is divided by h?
33
Let r(j) = 22*j**2 - 2*j + 2. Calculate the remainder when r(1) is divided by 10.
2
Suppose -5*p - 35 = -490. What is the remainder when p is divided by 23?
22
Let a = 5 - -18. What is the remainder when a is divided by 12?
11
Suppose 5*u = 4*u + 31. Calculate the remainder when u is divided by 17.
14
Let m(i) = -7*i - 18. What is the remainder when 83 is divided by m(-5)?
15
Let y(k) = -k**2 - 8*k - 2. Suppose -3*o + 4*r = 10, 4*o - 5*r + 4 = -10. Suppose 3*v - 19 - 38 = 0. Calculate the remainder when v is divided by y(o).
9
Suppose -y + 2*q + 31 = 6, 75 = 3*y - q. Calculate the remainder when y is divided by 3*(-9)/(-3)*1.
7
Let p be 0/((1 + 5)/(-2)). Let t(g) = 3*g + 24. Calculate the remainder when t(p) is divided by 9.
6
Calculate the remainder when 16 is divided by 4*(5 + -2) - 1.
5
Calculate the remainder when 95 is divided by 219/9 - (-6)/(-18).
23
What is the remainder when -5*1*(-34)/5 is divided by 9?
7
Suppose 2 = k - 3. Suppose -s = -k*q - 21, -2*s = -7*s + 2*q + 36. What is the remainder when 23 is divided by s?
5
Let j = 30 + -13. Suppose 3*y - 30 = -5*d, 6*d = d - 4*y + 30. What is the remainder when j is divided by d?
5
Suppose -3 = -c - 7. Let v = c - -4. Suppose v = -y + 4*y - 12. Calculate the remainder when 11 is divided by y.
3
Suppose -p + 3*p = 0. Suppose p = 2*o + 4, 0*u + o = u - 16. Calculate the remainder when 53 is divided by u.
11
Suppose 55 = -4*u + 283. What is the remainder when u is divided by 15?
12
Let j be (-129)/(-1) - (-2)/(-1). Suppose 5*v - 129 = 4*h, j = 5*v - 0*h - 2*h. What is the remainder when v is divided by 13?
12
Calculate the remainder when 53 is divided by 14 - ((-2 - 1) + 6).
9
Let k(v) = -4*v + 53. What is the remainder when k(4) is divided by 5?
2
Suppose 5*i + 123 = 2*k, 0*k + k - 56 = -3*i. Calculate the remainder when k is divided by 20.
19
Let u(a) = -a**3 + a**2 + 18. Suppose 0*f - 3*f = 5*s - 12, 3*s = f - 4. Calculate the remainder when 51 is divided by u(s).
15
Let p be 2*3 + (3 - 2). Suppose 5*w - 3*i = 3*w - p, 0 = -5*w - 5*i + 45. Suppose -w*a + 15 = -93. Calculate the remainder when a is divided by 14.
13
Let t be 0/(0 + (-3)/1). Suppose t = 2*j - 6*j + 200. What is the remainder when j is divided by 17?
16
Suppose 4*b - 18 = -n - 2*n, 2*n = 3*b + 29. Calculate the remainder when 39 is divided by n.
9
Let w(v) = -17*v - 41. Let l(b) = 9*b + 21. Let u(n) = 11*l(n) + 6*w(n). What is the remainder when 34 is divided by u(-9)?
10
Suppose 2*b + r - 17 = 0, 11 = b - 0*b - 2*r. Let h = 8 - -18. What is the remainder when h is divided by b?
8
Let l(d) = 2*d**2 + 8*d + 7. Let k be (-4)/(-2)*25/(-2). Let z = k + 49. What is the remainder when l(-8) is divided by z?
23
Let p = 1 + 1. Suppose -52 = -p*i - 0*i. Calculate the remainder when i is divided by 9.
8
Let y = 3 + -1. Suppose -y*d = -7 - 19. Calculate the remainder when d is divided by 7.
6
Suppose 5*b - 2*z + 173 = -0*b, -5*z + 119 = -3*b. Let m = b - -72. What is the remainder when m is divided by 21?
18
Let g(f) = -f**2 + 12*f - 14. What is the remainder when 18 is divided by g(10)?
0
Suppose 0 = m - 39 + 7. Calculate the remainder when m is divided by 11.
10
Suppose 2*v - 2*b - 286 = -74, 15 = -5*b. Suppose 3*d = -2*r - v + 21, 10 = -5*r. Let k = 50 + d. Calculate the remainder when k is divided by 13.
11
Calculate the remainder when ((-6)/(-4))/(3/6) is divided by 1*(-1 + -4 + 6).
0
Suppose -5*p + 8 + 1 = 3*r, -r - 8 = -2*p. Suppose p*b - 36 = -3. Suppose -160 = -2*i - 3*i. What is the remainder when i is divided by b?
10
Suppose -n = -2*o - 10, -2*n + 2*o = 6*o - 52. Suppose -w = -5*w - 344. Let s = 139 + w. What is the remainder when s is divided by n?
17
Let x(i) = -14*i**3 - 3*i**2 - 3*i - 2. Let h(r) = -12*r - 1. Calculate the remainder when h(-2) is divided by x(-1).
11
Suppose 0 = -n + 5*n - 1700. What is the remainder when n/(-10)*(-4)/5 is divided by 18?
16
Let g(s) = s**3 + 3*s**2 - s - 2. Calculate the remainder when 4 is divided by g(-3).
0
Let w be (-1)/6 + 22/(-12). Let s be 1*(133 + w) - -1. Suppose 0 = 3*z + d - s, -9 = -2*d - d. Calculate the remainder when z is divided by 15.
13
Let r = -11 - -17. Suppose 2*u = 3*d + r*u - 3632, -2*u - 2 = 0. Calculate the remainder when d/28 - (-4)/(-14) is divided by 15.
13
Suppose 3*j + 2 = 107. Let o be 2/4 + (-30)/(-12). Suppose o*z - j = -2. Calculate the remainder when z is divided by 4.
3
Let s be (-68)/(-20) + 2/(-5). Suppose 0 = -5*k + 57 - 12. What is the remainder when (66/k)/(2/s) is divided by 4?
3
Let r = 121 + -91. Calculate the remainder when 117 is divided by r.
27
Let c = 11 - 8. What is the remainder when c is divided by 3?
0
Let y(q) = 9*q + 2. Calculate the remainder when y(3) is divided by 10.
9
Suppose -4*x + 2*x = -o + 26, -5*o = -2*x - 98. Let h = 6 + 29. Calculate the remainder when h is divided by o.
17
Suppose -x + 32 = 2*k + 3*x, 0 = 2*k - x - 57. Calculate the remainder when 51 is divided by k.
25
What is the remainder when (-133)/(-5) - ((-68)/20 + 3) is divided by 5?
2
Let d(u) = u**2 + 30*u + 15. What is the remainder when d(-31) is divided by 26?
20
Suppose 0 = -5*s - 2*v + 54, -s = s + 4*v - 28. Calculate the remainder when 39 is divided by s.
9
Suppose -5*f + 4*i = -2*f - 15, 3*i + 9 = 0. Let j be (9/(-6))/(9/12). Calculate the remainder when (f/j)/((-1)/16) is divided by 3.
2
Let k = -40 - -52. Calculate the remainder when 35 is divided by k.
11
Suppose 3*h - 81 = -6. What is the remainder when h is divided by 9?
7
Calculate the remainder when 29 is divided by (-64)/(-6) - (50/(-15) - -4).
9
Let f(o) = o**3 + 6*o**2 - o - 10. Calculate the remainder when f(-5) is divided by 15.
5
Let q = 31 + -12. Let w = 5 + -1. Suppose 3*f - 25 + w = 0. Calculate the remainder when q is divided by f.
5
Let s(q) = -q + 36. What is the remainder when 49 is divided by s(11)?
24
Let x = 12 + 5. Calculate the remainder when 33 is divided by x.
16
Let o be ((-6)/(-5))/(36/120). Let c(p) = 3*p**2 - p + 2. Calculat